{"id":133,"date":"2020-08-01T20:47:31","date_gmt":"2020-08-01T18:47:31","guid":{"rendered":"https:\/\/zittergong.com\/?page_id=133"},"modified":"2020-08-27T23:13:38","modified_gmt":"2020-08-27T21:13:38","slug":"at-vaere-eller-ikke-vaere-sig-selv-med-sin-partner","status":"publish","type":"page","link":"https:\/\/zittergong.com\/?page_id=133","title":{"rendered":"At v\u00e6re eller ikke.. sig selv, n\u00e5r man er to"},"content":{"rendered":"\n<p class=\"has-text-color has-vivid-red-color has-text-align-left has-medium-font-size\"><strong>Kan man egentlig v\u00e6re andet end sig selv? Nej. S\u00e5 hvorfor ikke vise sig, som man er?<\/strong><\/p>\n\n\n\n<p class=\"has-text-color has-text-align-left has-vivid-red-color has-medium-font-size\"><strong>At v\u00e6re \u00e5ben, \u00e6rlig og direkte er vejen til befrielse for skyld og skam. Ofte ikke udenom en af og til helvedes ballade, angst og tristhed. Men her findes ogs\u00e5 den k\u00e6rlighedsenergi, som g\u00f8r livet til det st\u00f8rste eventyr; v\u00e6rd at leve!<\/strong><\/p>\n\n\n\n<p class=\"has-text-color has-text-align-left has-vivid-red-color has-medium-font-size\"><strong>Og hvorfor ikke genfinde forelskelsen?<\/strong><\/p>\n\n\n\n<p class=\"has-text-color has-text-align-left has-vivid-red-color has-medium-font-size\"><strong><strong>Med sex og det hele!<\/strong><\/strong><\/p>\n","protected":false},"excerpt":{"rendered":"<p>Kan man egentlig v\u00e6re andet end sig selv? Nej. S\u00e5 hvorfor ikke vise sig, som man er? At v\u00e6re \u00e5ben, \u00e6rlig og direkte er vejen til befrielse for skyld og skam. Ofte ikke udenom en af og til helvedes ballade, angst og tristhed. Men her findes ogs\u00e5 den k\u00e6rlighedsenergi, som g\u00f8r livet til det st\u00f8rste [&hellip;]<\/p>\n","protected":false},"author":1,"featured_media":7,"parent":188,"menu_order":1,"comment_status":"closed","ping_status":"closed","template":"","meta":{"footnotes":""},"_links":{"self":[{"href":"https:\/\/zittergong.com\/index.php?rest_route=\/wp\/v2\/pages\/133"}],"collection":[{"href":"https:\/\/zittergong.com\/index.php?rest_route=\/wp\/v2\/pages"}],"about":[{"href":"https:\/\/zittergong.com\/index.php?rest_route=\/wp\/v2\/types\/page"}],"author":[{"embeddable":true,"href":"https:\/\/zittergong.com\/index.php?rest_route=\/wp\/v2\/users\/1"}],"replies":[{"embeddable":true,"href":"https:\/\/zittergong.com\/index.php?rest_route=%2Fwp%2Fv2%2Fcomments&post=133"}],"version-history":[{"count":21,"href":"https:\/\/zittergong.com\/index.php?rest_route=\/wp\/v2\/pages\/133\/revisions"}],"predecessor-version":[{"id":245,"href":"https:\/\/zittergong.com\/index.php?rest_route=\/wp\/v2\/pages\/133\/revisions\/245"}],"up":[{"embeddable":true,"href":"https:\/\/zittergong.com\/index.php?rest_route=\/wp\/v2\/pages\/188"}],"wp:featuredmedia":[{"embeddable":true,"href":"https:\/\/zittergong.com\/index.php?rest_route=\/wp\/v2\/media\/7"}],"wp:attachment":[{"href":"https:\/\/zittergong.com\/index.php?rest_route=%2Fwp%2Fv2%2Fmedia&parent=133"}],"curies":[{"name":"wp","href":"https:\/\/api.w.org\/{rel}","templated":true}]}}